is the remainder when 49 is divided by n(-4)?
15
Suppose -4*f = f - 45. Let o = f - 8. Suppose 4*t + 0*t + b - 17 = 0, 2*b + 2 = 4*t. Calculate the remainder when t is divided by o.
0
Let u(j) = -j**2 - 13*j - 28. What is the remainder when 46 is divided by u(-8)?
10
Let i be 6/15*-1*-40. Let a = i + -7. What is the remainder when a is divided by 5?
4
Let r(i) = i - 6. Let z(t) = 3*t + 8. Let p be z(-7). Let d = p - -22. What is the remainder when 7 is divided by r(d)?
1
Let g(x) = x**2 + 2*x + 5. Let m(r) = r**3 + 7*r**2 + 2*r + 7. Calculate the remainder when m(-6) is divided by g(-3).
7
Suppose -743 - 847 = -6*y. What is the remainder when y is divided by 19?
18
Let o = -3 - -6. Suppose 2*f + 3*f - 7 = -2*c, -2*f - 1 = -o*c. Calculate the remainder when 1 is divided by c.
0
Let i be (9/12)/(1/(-8)). Let z be 2/i + (-1)/(-3). Suppose z = 5*s - 11 - 9, -3*m - 2*s = -44. What is the remainder when m is divided by 7?
5
Suppose 5 = k + 1. Let c be (105/(-6))/((-2)/4). Suppose -3*n - 2*n = -c. Calculate the remainder when n is divided by k.
3
Let t(g) be the first derivative of 2*g**3/3 - 5*g**2/2 + 4*g + 1. Let h(r) = -3*r - 9. What is the remainder when h(-7) is divided by t(3)?
5
Let b = 25 - -4. Calculate the remainder when b is divided by 17.
12
Let v be 9/(3 - 6) + 7. Suppose 5*n - 26 = -f, -v*n + 6 - 2 = -2*f. What is the remainder when 9 is divided by f?
3
Suppose 5*j + 5 = 0, 4*j + 0*j = 2*y - 42. Suppose 4*g = 4*x - 20, -x - 5*g - y = -0*x. What is the remainder when 2 is divided by x?
0
Suppose 0*x - 5*b = -2*x + 43, -2*b - 62 = -4*x. What is the remainder when x is divided by 8?
6
Let c(f) = f. Calculate the remainder when (-2)/((-4)/1)*4 is divided by c(1).
0
What is the remainder when 63 is divided by 393*(-9)/(-162) + 1/6?
19
Let b = -69 - -124. What is the remainder when b is divided by 33?
22
Let q = -22 + -9. Let n = -31 - -18. Let l = n - q. What is the remainder when l is divided by 10?
8
Let v(l) = -l**3 + 11*l**2 - 5*l - 13. What is the remainder when v(10) is divided by 11?
4
Suppose 11 = 2*i - 9. Let v(w) = w**3 - 11*w**2 + 11*w + 10. What is the remainder when v(i) is divided by 8?
4
Let f = -65 + 127. Calculate the remainder when f is divided by 23.
16
Calculate the remainder when 60 is divided by -31*((-16)/(-120) - (-17)/(-15)).
29
Let b be (-62)/(-3) + (-1)/(-3). Calculate the remainder when (-6)/(-21) + 435/b is divided by 8.
5
Let x(q) = 0*q + 2 - 2*q - 1 - q. What is the remainder when 37 is divided by x(-4)?
11
Let c(n) = -n**3 - 8*n**2 - 9*n - 9. Let x(m) = -m**2 + 9*m + 3. Let q be x(10). Let z = -18 + 37. What is the remainder when z is divided by c(q)?
4
Let t = -28 + 41. Suppose 6 = -3*w - 3. Let d(l) = -l**3 + l**2 + 4*l + 1. What is the remainder when d(w) is divided by t?
12
Let p(s) = -2*s - 3. Let w(j) = -24*j**3 - j**2 - j. Calculate the remainder when w(-1) is divided by p(-8).
11
Let q(s) = -s**2 - 7*s + 3. Let b be q(-6). Let a(g) = 2*g**2 - 7*g - 1. Calculate the remainder when (30/b - 0)*12 is divided by a(5).
12
Let w(z) = -z + 3. Calculate the remainder when 1*(5 - 2/1) is divided by w(0).
0
Calculate the remainder when 44 is divided by (-1)/(-6) - (-356)/24.
14
Let t(n) = n**3 + 6*n**2 - 10*n - 3. What is the remainder when t(-7) is divided by 7?
4
Suppose 4*n + 73 - 209 = 0. Calculate the remainder when 101 is divided by n.
33
Suppose 3*w - 11 = 13. Calculate the remainder when w is divided by 3.
2
Let f be (2 + -5)*-37 + -3. Suppose o - f = -3*o. Calculate the remainder when o is divided by 10.
7
Let m(y) = -4*y - 22. What is the remainder when 107 is divided by m(-11)?
19
Let d = -32 - -42. Suppose p - 4*q + 11 - 41 = 0, 5*p = 4*q + 102. Calculate the remainder when p is divided by d.
8
Suppose 6*f - 132 = 66. Calculate the remainder when f is divided by 6.
3
Suppose -9 = 4*w + 5*v, -3*w - w + 2*v + 26 = 0. Suppose -23*z - 36 = -27*z. Calculate the remainder when z is divided by w.
1
Suppose c = -y + 2*c + 14, -4*y + 2*c + 50 = 0. Calculate the remainder when y - (2 + (-2 - -2)) is divided by 3.
0
Let p(o) = 4*o**2 - 3*o - 3. Suppose -4*q = 4*z - 76, -105 + 24 = -4*q - 5*z. Calculate the remainder when p(3) is divided by q.
10
What is the remainder when 0 + 2 + -2 + 3*3 is divided by 5?
4
Suppose 3*h - o + 4*o - 36 = 0, 0 = -4*h + 5*o + 66. Calculate the remainder when 2 is divided by 22/h - (-15)/35.
0
Suppose -2*y - 8 = -6*y. Suppose y*t = 4*t - 8. Calculate the remainder when 17 is divided by t.
1
Suppose 34 = -2*c + 5*c + 2*w, -3*w = 3*c - 39. Suppose -q + c = 2. Calculate the remainder when q is divided by 3.
0
Let a(d) = d**2 + 13*d. Calculate the remainder when a(-15) is divided by 8.
6
Let v(m) = m**3 - m**2 - 2*m + 3. Let f be v(2). Suppose f*p - 2*p - 2 = 0. Suppose 0 = n + p - 16. What is the remainder when n is divided by 5?
4
Suppose 0*w - 2*g = -w + 20, -2*w + g = -28. Calculate the remainder when 35 is divided by w.
11
Suppose 4*j = 7*i - 2*i, 4*i = -j. Suppose 4*k - 3*a - 68 = i, -a + 13 = k - 4. What is the remainder when k is divided by 10?
7
Suppose 0 = -19*f + 650 + 53. Calculate the remainder when 109 is divided by f.
35
Suppose -3*w + 20 = 2*w. Suppose 2*l - 16 = 4*x, -4*l + w*x - 26 = -62. Calculate the remainder when l is divided by 3.
1
Let o be 1 + 0 - (66 - 8). Let d = o + 120. Calculate the remainder when d is divided by 16.
15
Suppose -3*z + 7*z = 2*x - 82, -3*z = 5*x - 140. Suppose -4*s - 3*k = 2*k - 59, 5*s - 2*k = 82. What is the remainder when x is divided by s?
15
Let k be (-15)/10*(-20)/(-3). Let i = 2 - k. What is the remainder when 22 is divided by i?
10
Calculate the remainder when 53 is divided by ((-21)/(-4))/(6/16).
11
Suppose -4*h - 90 = -h. Let y = h - -64. Calculate the remainder when y is divided by 18.
16
What is the remainder when 25 is divided by (-1 - 2 - -4)*13?
12
Let j = 13 - 7. Let z(x) = 2*x + 2. What is the remainder when z(j) is divided by 5?
4
Let k(j) = 9*j**3 - 6. Let g(q) = 19*q**3 - 11. Let z(m) = 6*g(m) - 11*k(m). What is the remainder when z(1) is divided by -3*((-28)/6 - -2)?
7
Let o(c) = 19*c - 4. Let k be o(4). Suppose 5*j - 91 = -4*b, -4*j - 4*b = -0*j - k. Calculate the remainder when j is divided by 11.
8
Let a(o) = 12*o - 1. Let c be a(-4). Let w = -25 - c. Let h = w - 10. Calculate the remainder when 39 is divided by h.
11
Suppose 5*m - 10 - 30 = 0. What is the remainder when 13 is divided by m?
5
Let t(f) be the first derivative of -7*f**2/2 - 3. Let j = -1 - 0. What is the remainder when 13 is divided by t(j)?
6
Let w(b) = -8 + 3*b - 5*b - 5. What is the remainder when 17 is divided by w(-9)?
2
Suppose 4*n = -2*r + 50, -3*n + 3*r = 2*n - 35. Suppose n = 5*u - 55. Calculate the remainder when 37 is divided by u.
11
Suppose -i + 5*a = -32, -4*i + 8*a = 4*a - 48. What is the remainder when 69 is divided by i?
6
Let s(v) be the third derivative of -v**6/120 - v**5/60 + 13*v**3/6 + 8*v**2. What is the remainder when 25 is divided by s(0)?
12
Let h(f) = f + 8. Let y be h(-6). Suppose -55 = -4*a - r, 0*a - y*r = -a + 7. Calculate the remainder when a is divided by 5.
3
Suppose 2*g + 0*g = u + 8, -20 = -5*u - 5*g. Suppose -4 = -z - u*z. What is the remainder when z is divided by 2?
0
Suppose -3*i = i - 172. What is the remainder when i is divided by 22?
21
Let d = -56 + 70. What is the remainder when 52 is divided by d?
10
Suppose -5*t + 18 - 521 = -3*a, -a - 4*t = -145. What is the remainder when a is divided by 33?
29
Suppose 3*y = -3*w + 270, 2*y + w = -0*y + 177. What is the remainder when y is divided by 15?
12
Suppose -3*b - 42 = -3*f, f + 7 = -3*b + 1. Let l(p) be the second derivative of -5*p**3/6 + 6*p. Calculate the remainder when f is divided by l(-1).
4
Let u(d) = 4*d**2 + 5*d + 9. What is the remainder when u(-4) is divided by 9?
8
Suppose 90 = -h + 3*h. Calculate the remainder when h is divided by 8.
5
Suppose -z + 5 = -2. Suppose -r + 5 = -z. Suppose -2*d + 0*d = -r. Calculate the remainder when 17 is divided by d.
5
Suppose -4*r + 60 = 4*c, r + 30 = -c + 3*c. Let h(k) = -k**3 - 7*k**2 - 3*k + 8. What is the remainder when h(-7) is divided by c?
14
Suppose 2*m + 8 = -5*h, -m - h = -3*m + 16. Suppose 4*n + 3*q = q + 40, -5*n = -5*q - 50. What is the remainder when n is divided by m?
4
Let s(y) = -y**3 + 3*y + 